{"id":158,"date":"2021-02-26T14:30:06","date_gmt":"2021-02-26T13:30:06","guid":{"rendered":"https:\/\/de.facts2reason.com\/?page_id=158"},"modified":"2021-02-26T15:02:21","modified_gmt":"2021-02-26T14:02:21","slug":"autor","status":"publish","type":"page","link":"https:\/\/de.facts2reason.com\/index.php\/autor\/","title":{"rendered":"Autor"},"content":{"rendered":"\n<div class=\"wp-block-media-text alignwide is-stacked-on-mobile\" style=\"grid-template-columns:19% auto\"><figure class=\"wp-block-media-text__media\"><img fetchpriority=\"high\" decoding=\"async\" width=\"841\" height=\"1024\" src=\"https:\/\/de.facts2reason.com\/wp-content\/uploads\/2021\/02\/Blog-About-GKL1-841x1024.jpg\" alt=\"\" class=\"wp-image-161 size-full\" srcset=\"https:\/\/de.facts2reason.com\/wp-content\/uploads\/2021\/02\/Blog-About-GKL1-841x1024.jpg 841w, https:\/\/de.facts2reason.com\/wp-content\/uploads\/2021\/02\/Blog-About-GKL1-246x300.jpg 246w, https:\/\/de.facts2reason.com\/wp-content\/uploads\/2021\/02\/Blog-About-GKL1-768x935.jpg 768w, https:\/\/de.facts2reason.com\/wp-content\/uploads\/2021\/02\/Blog-About-GKL1-1262x1536.jpg 1262w, https:\/\/de.facts2reason.com\/wp-content\/uploads\/2021\/02\/Blog-About-GKL1.jpg 1568w\" sizes=\"(max-width: 841px) 100vw, 841px\" \/><\/figure><div class=\"wp-block-media-text__content\">\n<p><strong>Markus Egli PhD (Chemie)<\/strong><\/p>\n\n\n\n<p>Ich bin Schweizer mit Zweitwohnsitz in den USA und habe lange Erfahrung in angewandter Wissenschaft und im Innovationsmanagement.<\/p>\n\n\n\n<p>Die Arbeit in diesen Bereichen hat mich gelehrt, dass nicht unsere Vorstellung, unser Glauben oder unsere \u00dcberzeugung sondern die reale Welt am Ende \u00fcber Erfolg und Misserfolg entscheidet.<\/p>\n\n\n\n<p>Meine Bewunderung gilt den Denkern der Aufkl\u00e4rung, welche dies vor 300 Jahren erkannten. Als Antwort darauf haben sie uns mit Wissenschaft, individueller Freiheit und Verantwortung sowie gleichem Recht f\u00fcr Alle die Mittel in die Hand gegeben, dieser Herausforderung gerecht zu werden. Sie erm\u00f6glichten so die enormen Erfolge der westlichen Kultur, welche uns die freieste und komfortabelste Existenz in der Geschichte der Menschheit gebracht haben.<\/p>\n\n\n\n<p>Mit gro\u00dfem Bedenken sehe ich, dass mit dem Argument der Unvollkommenheit unserer Gesellschaft ein Trend zur Zerst\u00f6rung der Grundlagen unserer westlichen Kultur Fuss gefasst hat. Dieser Blog ist mein, in der Sicht des Ganzen bescheidener, Beitrag zur Diskussion dieser Entwicklung.<\/p>\n\n\n\n<p><\/p>\n<\/div><\/div>\n\n\n\n<p><\/p>\n","protected":false},"excerpt":{"rendered":"<p>Markus Egli PhD (Chemie) Ich bin Schweizer mit Zweitwohnsitz in den USA und habe lange Erfahrung in angewandter Wissenschaft und im Innovationsmanagement. Die Arbeit in diesen Bereichen hat mich gelehrt, dass nicht unsere Vorstellung, unser Glauben oder unsere \u00dcberzeugung sondern die reale Welt am Ende \u00fcber Erfolg und Misserfolg entscheidet. Meine Bewunderung gilt den Denkern [&hellip;]<\/p>\n","protected":false},"author":1,"featured_media":0,"parent":0,"menu_order":0,"comment_status":"closed","ping_status":"closed","template":"","meta":{"footnotes":""},"class_list":["post-158","page","type-page","status-publish","hentry"],"blocksy_meta":{"page_title_panel":"","has_hero_section":"enabled","cdbb4e1e787885e5cd4fb0e40f5d360d":"","hero_section":"type-2","hero_elements":[{"id":"custom_title","enabled":true,"heading_tag":"h1","title":"Startseite"},{"id":"custom_description","enabled":true,"description_visibility":{"desktop":true,"tablet":true,"mobile":false}},{"id":"custom_meta","enabled":false,"meta_elements":[{"id":"author","enabled":true,"label":"Von","has_author_avatar":"yes","avatar_size":25},{"id":"post_date","enabled":true,"label":"Am","date_format_source":"default","date_format":"M j, Y"},{"id":"comments","enabled":true}],"page_meta_elements":{"joined":true,"articles_count":true,"comments":true}},{"id":"breadcrumbs","enabled":false}],"86dcff09eea57ced8458efdc25e98c61":"","hero_alignment1":"left","hero_margin":{"desktop":50,"tablet":30,"mobile":30},"hero_alignment2":"center","hero_vertical_alignment":"center","e4b46bd0d39c94f6d23ff179c632e231":"","hero_structure":"narrow","8b70632fd7c7d398f0dd42700159131e":"","page_title_bg_type":"custom_image","custom_hero_background":{"attachment_id":169,"url":"https:\/\/de.facts2reason.com\/wp-content\/uploads\/2021\/02\/Wueste-1024x768.jpg"},"parallax":{"desktop":false,"tablet":false,"mobile":false},"841b260a755989ac997f51406c2dacaf":"","hero_height":"250px","pageTitleFont":{"family":"Default","variation":"Default","size":{"desktop":"40px","tablet":"30px","mobile":"25px","__changed":[]},"line-height":{"desktop":"1.6","tablet":"1.6","mobile":"1.6","__changed":[]},"letter-spacing":"CT_CSS_SKIP_RULE","text-transform":"CT_CSS_SKIP_RULE","text-decoration":"CT_CSS_SKIP_RULE"},"pageTitleFontColor":{"default":{"color":"#e3eaed"}},"pageMetaFont":{"family":"Default","variation":"n6","size":"12px","line-height":"1.3","letter-spacing":"CT_CSS_SKIP_RULE","text-transform":"uppercase","text-decoration":"CT_CSS_SKIP_RULE"},"pageMetaFontColor":{"default":{"color":"CT_CSS_SKIP_RULEDEFAULT"},"hover":{"color":"CT_CSS_SKIP_RULEDEFAULT"}},"pageExcerptFont":{"family":"Default","variation":"Default","size":"CT_CSS_SKIP_RULE","line-height":"CT_CSS_SKIP_RULE","letter-spacing":"CT_CSS_SKIP_RULE","text-transform":"CT_CSS_SKIP_RULE","text-decoration":"CT_CSS_SKIP_RULE"},"pageExcerptColor":{"default":{"color":"CT_CSS_SKIP_RULEDEFAULT"}},"breadcrumbsFont":{"family":"Default","variation":"n6","size":"12px","line-height":"CT_CSS_SKIP_RULE","letter-spacing":"CT_CSS_SKIP_RULE","text-transform":"uppercase","text-decoration":"CT_CSS_SKIP_RULE"},"breadcrumbsFontColor":{"default":{"color":"CT_CSS_SKIP_RULEDEFAULT"},"initial":{"color":"CT_CSS_SKIP_RULEDEFAULT"},"hover":{"color":"CT_CSS_SKIP_RULEDEFAULT"}},"pageTitleOverlay":{"default":{"color":"CT_CSS_SKIP_RULE"}},"pageTitleBackground":{"background_type":"color","background_pattern":"type-1","background_image":{"attachment_id":null,"x":0,"y":0},"gradient":"linear-gradient(135deg,rgba(6,147,227,1) 0%,rgb(155,81,224) 100%)","background_repeat":"no-repeat","background_size":"auto","background_attachment":"scroll","patternColor":{"default":{"color":"#e5e7ea"}},"overlayColor":{"default":{"color":"CT_CSS_SKIP_RULE"}},"backgroundColor":{"default":{"color":"#EDEFF2"}}},"pageTitlePadding":{"top":"50px","bottom":"50px","left":"auto","right":"auto","linked":true},"3cd19d86227a94f672d40908b52f0682":"","page_structure_type":"type-3","content_style":"inherit","vertical_spacing_source":"inherit","content_area_spacing":"both","background":{"background_type":"color","background_pattern":"type-1","background_image":{"attachment_id":null,"x":0,"y":0},"gradient":"linear-gradient(135deg,rgba(6,147,227,1) 0%,rgb(155,81,224) 100%)","background_repeat":"no-repeat","background_size":"auto","background_attachment":"scroll","patternColor":{"default":{"color":"#e5e7ea"}},"overlayColor":{"default":{"color":"CT_CSS_SKIP_RULE"}},"backgroundColor":{"default":{"color":"CT_CSS_SKIP_RULE"}}},"content_background":{"background_type":"color","background_pattern":"type-1","background_image":{"attachment_id":null,"x":0,"y":0},"gradient":"linear-gradient(135deg,rgba(6,147,227,1) 0%,rgb(155,81,224) 100%)","background_repeat":"no-repeat","background_size":"auto","background_attachment":"scroll","patternColor":{"default":{"color":"#e5e7ea"}},"overlayColor":{"default":{"color":"CT_CSS_SKIP_RULE"}},"backgroundColor":{"default":{"color":"#ffffff"}}},"content_boxed_shadow":{"inherit":false,"blur":18,"spread":-6,"v_offset":12,"h_offset":0,"inset":false,"enable":true,"color":{"color":"rgba(34, 56, 101, 0.04)"}},"boxed_content_spacing":{"desktop":{"top":"40px","bottom":"40px","left":"40px","right":"40px","linked":true},"tablet":{"top":"35px","bottom":"35px","left":"35px","right":"35px","linked":true},"mobile":{"top":"20px","bottom":"20px","left":"20px","right":"20px","linked":true}},"content_boxed_radius":{"top":"3px","bottom":"3px","left":"3px","right":"3px","linked":true},"2718f4c9d2f1da27b28e97f5c6e40458":"","disable_featured_image":"no","disable_header":"no","disable_footer":"no","6c77665dc18a98606f1894374621db6d":"","1b62572997cd4351f60bb4d7d40b46e3":"","37b34ccaa6eae4f7f10256f0c0fb8925":"","f2aec6b5a4ecca7fdb20dc2cfae0a76d":"","ba1f520d0e0543fabea26afcce2f63fe":"","2bfcb5bdfcf262e397565daeabc804d7":"","30efb689e6189a74b525bd56a3c3a0a7":"","2808fbfc96703e10a1554d2563f60697":"","5a199721b0ae1af00fb025b4cc247c6b":"","908cb65b0164602e85ddae49bba730ee":"","b5be20546b17cfe9e5b7a2f9c5457383":"","7c19252dd55d8fbf7d953b87435c2de0":"","cce353b6369fc0cd0e0e0da5d860df64":"","edcb57751d96e90acc9ca59e0ffe487f":"","8165cfda0007e28fab3176d541c2ab60":"","d2e437b6636e52652a6f3430a5db354b":"","3500e89b3f8196bc8b4aded4bd4fef56":"","75272cd8140df63c1d3c55aa32b50fcf":"","7b23cdc6e7fcccbaf528b79e8dfb8135":"","f15bc0b049391869622b4170d0373518":"","d3a41eec54c41a1116d7bba174c6d98b":"","928fd609aa39299609e0f8dbf1220b51":"","fca75a5b2e2b96ecff28d858acd17c4e":"","ea09393bba1069167f9fbd69a1e714a7":"","665a8049c56f4051577e2315e0ad66d4":"","6961249b628bca8393c336c6c8a12349":"","0533a5f3c1cbd6846617811712b4bef3":"","09859ed9eaa901fb6799997e4530ca1a":"","styles_descriptor":{"styles":{"desktop":"[data-prefix=\"single_page\"] .entry-header .page-title {--theme-font-size:40px;--theme-line-height:1.6;--theme-heading-color:#e3eaed;} [data-prefix=\"single_page\"] .entry-header .entry-meta {--theme-font-weight:600;--theme-text-transform:uppercase;--theme-font-size:12px;--theme-line-height:1.3;} [data-prefix=\"single_page\"] .hero-section[data-type=\"type-2\"] {background-color:#EDEFF2;background-image:none;--container-padding:50px 0;}","tablet":"[data-prefix=\"single_page\"] .entry-header .page-title {--theme-font-size:30px;}","mobile":"[data-prefix=\"single_page\"] .entry-header .page-title {--theme-font-size:25px;}"},"google_fonts":[],"version":6}},"featured_image_urls_v2":{"full":"","thumbnail":"","medium":"","medium_large":"","large":"","1536x1536":"","2048x2048":"","ultp_layout_landscape_large":"","ultp_layout_landscape":"","ultp_layout_portrait":"","ultp_layout_square":""},"post_excerpt_stackable_v2":"<p>Markus Egli PhD (Chemie) Ich bin Schweizer mit Zweitwohnsitz in den USA und habe lange Erfahrung in angewandter Wissenschaft und im Innovationsmanagement. Die Arbeit in diesen Bereichen hat mich gelehrt, dass nicht unsere Vorstellung, unser Glauben oder unsere \u00dcberzeugung sondern die reale Welt am Ende \u00fcber Erfolg und Misserfolg entscheidet. Meine Bewunderung gilt den Denkern der Aufkl\u00e4rung, welche dies vor 300 Jahren erkannten. Als Antwort darauf haben sie uns mit Wissenschaft, individueller Freiheit und Verantwortung sowie gleichem Recht f\u00fcr Alle die Mittel in die Hand gegeben, dieser Herausforderung gerecht zu werden. Sie erm\u00f6glichten so die enormen Erfolge der westlichen Kultur,&hellip;<\/p>\n","category_list_v2":"","author_info_v2":{"name":"admin","url":"https:\/\/de.facts2reason.com\/index.php\/author\/eglimarkusncll\/"},"comments_num_v2":"0 comments","yoast_head":"<!-- This site is optimized with the Yoast SEO plugin v27.4 - https:\/\/yoast.com\/product\/yoast-seo-wordpress\/ -->\n<title>Autor - Westen Quo Vadis<\/title>\n<meta name=\"robots\" content=\"index, follow, max-snippet:-1, max-image-preview:large, max-video-preview:-1\" \/>\n<link rel=\"canonical\" href=\"https:\/\/de.facts2reason.com\/index.php\/autor\/\" \/>\n<meta property=\"og:locale\" content=\"de_DE\" \/>\n<meta property=\"og:type\" content=\"article\" \/>\n<meta property=\"og:title\" content=\"Autor - Westen Quo Vadis\" \/>\n<meta property=\"og:description\" content=\"Markus Egli PhD (Chemie) Ich bin Schweizer mit Zweitwohnsitz in den USA und habe lange Erfahrung in angewandter Wissenschaft und im Innovationsmanagement. Die Arbeit in diesen Bereichen hat mich gelehrt, dass nicht unsere Vorstellung, unser Glauben oder unsere \u00dcberzeugung sondern die reale Welt am Ende \u00fcber Erfolg und Misserfolg entscheidet. Meine Bewunderung gilt den Denkern [&hellip;]\" \/>\n<meta property=\"og:url\" content=\"https:\/\/de.facts2reason.com\/index.php\/autor\/\" \/>\n<meta property=\"og:site_name\" content=\"Westen Quo Vadis\" \/>\n<meta property=\"article:modified_time\" content=\"2021-02-26T14:02:21+00:00\" \/>\n<meta property=\"og:image\" content=\"https:\/\/de.facts2reason.com\/wp-content\/uploads\/2021\/02\/Blog-About-GKL1-841x1024.jpg\" \/>\n<meta name=\"twitter:card\" content=\"summary_large_image\" \/>\n<meta name=\"twitter:label1\" content=\"Gesch\u00e4tzte Lesezeit\" \/>\n\t<meta name=\"twitter:data1\" content=\"1\u00a0Minute\" \/>\n<script type=\"application\/ld+json\" class=\"yoast-schema-graph\">{\"@context\":\"https:\\\/\\\/schema.org\",\"@graph\":[{\"@type\":\"WebPage\",\"@id\":\"https:\\\/\\\/de.facts2reason.com\\\/index.php\\\/autor\\\/\",\"url\":\"https:\\\/\\\/de.facts2reason.com\\\/index.php\\\/autor\\\/\",\"name\":\"Autor - Westen Quo Vadis\",\"isPartOf\":{\"@id\":\"https:\\\/\\\/de.facts2reason.com\\\/#website\"},\"primaryImageOfPage\":{\"@id\":\"https:\\\/\\\/de.facts2reason.com\\\/index.php\\\/autor\\\/#primaryimage\"},\"image\":{\"@id\":\"https:\\\/\\\/de.facts2reason.com\\\/index.php\\\/autor\\\/#primaryimage\"},\"thumbnailUrl\":\"https:\\\/\\\/de.facts2reason.com\\\/wp-content\\\/uploads\\\/2021\\\/02\\\/Blog-About-GKL1-841x1024.jpg\",\"datePublished\":\"2021-02-26T13:30:06+00:00\",\"dateModified\":\"2021-02-26T14:02:21+00:00\",\"breadcrumb\":{\"@id\":\"https:\\\/\\\/de.facts2reason.com\\\/index.php\\\/autor\\\/#breadcrumb\"},\"inLanguage\":\"de\",\"potentialAction\":[{\"@type\":\"ReadAction\",\"target\":[\"https:\\\/\\\/de.facts2reason.com\\\/index.php\\\/autor\\\/\"]}]},{\"@type\":\"ImageObject\",\"inLanguage\":\"de\",\"@id\":\"https:\\\/\\\/de.facts2reason.com\\\/index.php\\\/autor\\\/#primaryimage\",\"url\":\"https:\\\/\\\/de.facts2reason.com\\\/wp-content\\\/uploads\\\/2021\\\/02\\\/Blog-About-GKL1.jpg\",\"contentUrl\":\"https:\\\/\\\/de.facts2reason.com\\\/wp-content\\\/uploads\\\/2021\\\/02\\\/Blog-About-GKL1.jpg\",\"width\":1568,\"height\":1909},{\"@type\":\"BreadcrumbList\",\"@id\":\"https:\\\/\\\/de.facts2reason.com\\\/index.php\\\/autor\\\/#breadcrumb\",\"itemListElement\":[{\"@type\":\"ListItem\",\"position\":1,\"name\":\"Home\",\"item\":\"https:\\\/\\\/de.facts2reason.com\\\/\"},{\"@type\":\"ListItem\",\"position\":2,\"name\":\"Autor\"}]},{\"@type\":\"WebSite\",\"@id\":\"https:\\\/\\\/de.facts2reason.com\\\/#website\",\"url\":\"https:\\\/\\\/de.facts2reason.com\\\/\",\"name\":\"Westen Quo Vadis\",\"description\":\"Blog zur Krise des Westens in Kultur, Politik und Wissenschaft\",\"potentialAction\":[{\"@type\":\"SearchAction\",\"target\":{\"@type\":\"EntryPoint\",\"urlTemplate\":\"https:\\\/\\\/de.facts2reason.com\\\/?s={search_term_string}\"},\"query-input\":{\"@type\":\"PropertyValueSpecification\",\"valueRequired\":true,\"valueName\":\"search_term_string\"}}],\"inLanguage\":\"de\"}]}<\/script>\n<!-- \/ Yoast SEO plugin. -->","yoast_head_json":{"title":"Autor - Westen Quo Vadis","robots":{"index":"index","follow":"follow","max-snippet":"max-snippet:-1","max-image-preview":"max-image-preview:large","max-video-preview":"max-video-preview:-1"},"canonical":"https:\/\/de.facts2reason.com\/index.php\/autor\/","og_locale":"de_DE","og_type":"article","og_title":"Autor - Westen Quo Vadis","og_description":"Markus Egli PhD (Chemie) Ich bin Schweizer mit Zweitwohnsitz in den USA und habe lange Erfahrung in angewandter Wissenschaft und im Innovationsmanagement. Die Arbeit in diesen Bereichen hat mich gelehrt, dass nicht unsere Vorstellung, unser Glauben oder unsere \u00dcberzeugung sondern die reale Welt am Ende \u00fcber Erfolg und Misserfolg entscheidet. Meine Bewunderung gilt den Denkern [&hellip;]","og_url":"https:\/\/de.facts2reason.com\/index.php\/autor\/","og_site_name":"Westen Quo Vadis","article_modified_time":"2021-02-26T14:02:21+00:00","og_image":[{"url":"https:\/\/de.facts2reason.com\/wp-content\/uploads\/2021\/02\/Blog-About-GKL1-841x1024.jpg","type":"","width":"","height":""}],"twitter_card":"summary_large_image","twitter_misc":{"Gesch\u00e4tzte Lesezeit":"1\u00a0Minute"},"schema":{"@context":"https:\/\/schema.org","@graph":[{"@type":"WebPage","@id":"https:\/\/de.facts2reason.com\/index.php\/autor\/","url":"https:\/\/de.facts2reason.com\/index.php\/autor\/","name":"Autor - Westen Quo Vadis","isPartOf":{"@id":"https:\/\/de.facts2reason.com\/#website"},"primaryImageOfPage":{"@id":"https:\/\/de.facts2reason.com\/index.php\/autor\/#primaryimage"},"image":{"@id":"https:\/\/de.facts2reason.com\/index.php\/autor\/#primaryimage"},"thumbnailUrl":"https:\/\/de.facts2reason.com\/wp-content\/uploads\/2021\/02\/Blog-About-GKL1-841x1024.jpg","datePublished":"2021-02-26T13:30:06+00:00","dateModified":"2021-02-26T14:02:21+00:00","breadcrumb":{"@id":"https:\/\/de.facts2reason.com\/index.php\/autor\/#breadcrumb"},"inLanguage":"de","potentialAction":[{"@type":"ReadAction","target":["https:\/\/de.facts2reason.com\/index.php\/autor\/"]}]},{"@type":"ImageObject","inLanguage":"de","@id":"https:\/\/de.facts2reason.com\/index.php\/autor\/#primaryimage","url":"https:\/\/de.facts2reason.com\/wp-content\/uploads\/2021\/02\/Blog-About-GKL1.jpg","contentUrl":"https:\/\/de.facts2reason.com\/wp-content\/uploads\/2021\/02\/Blog-About-GKL1.jpg","width":1568,"height":1909},{"@type":"BreadcrumbList","@id":"https:\/\/de.facts2reason.com\/index.php\/autor\/#breadcrumb","itemListElement":[{"@type":"ListItem","position":1,"name":"Home","item":"https:\/\/de.facts2reason.com\/"},{"@type":"ListItem","position":2,"name":"Autor"}]},{"@type":"WebSite","@id":"https:\/\/de.facts2reason.com\/#website","url":"https:\/\/de.facts2reason.com\/","name":"Westen Quo Vadis","description":"Blog zur Krise des Westens in Kultur, Politik und Wissenschaft","potentialAction":[{"@type":"SearchAction","target":{"@type":"EntryPoint","urlTemplate":"https:\/\/de.facts2reason.com\/?s={search_term_string}"},"query-input":{"@type":"PropertyValueSpecification","valueRequired":true,"valueName":"search_term_string"}}],"inLanguage":"de"}]}},"rttpg_featured_image_url":null,"rttpg_author":{"display_name":"admin","author_link":"https:\/\/de.facts2reason.com\/index.php\/author\/eglimarkusncll\/"},"rttpg_comment":0,"rttpg_category":null,"rttpg_excerpt":"Markus Egli PhD (Chemie) Ich bin Schweizer mit Zweitwohnsitz in den USA und habe lange Erfahrung in angewandter Wissenschaft und im Innovationsmanagement. Die Arbeit in diesen Bereichen hat mich gelehrt, dass nicht unsere Vorstellung, unser Glauben oder unsere \u00dcberzeugung sondern die reale Welt am Ende \u00fcber Erfolg und Misserfolg entscheidet. Meine Bewunderung gilt den Denkern&hellip;","_links":{"self":[{"href":"https:\/\/de.facts2reason.com\/index.php\/wp-json\/wp\/v2\/pages\/158","targetHints":{"allow":["GET"]}}],"collection":[{"href":"https:\/\/de.facts2reason.com\/index.php\/wp-json\/wp\/v2\/pages"}],"about":[{"href":"https:\/\/de.facts2reason.com\/index.php\/wp-json\/wp\/v2\/types\/page"}],"author":[{"embeddable":true,"href":"https:\/\/de.facts2reason.com\/index.php\/wp-json\/wp\/v2\/users\/1"}],"replies":[{"embeddable":true,"href":"https:\/\/de.facts2reason.com\/index.php\/wp-json\/wp\/v2\/comments?post=158"}],"version-history":[{"count":6,"href":"https:\/\/de.facts2reason.com\/index.php\/wp-json\/wp\/v2\/pages\/158\/revisions"}],"predecessor-version":[{"id":174,"href":"https:\/\/de.facts2reason.com\/index.php\/wp-json\/wp\/v2\/pages\/158\/revisions\/174"}],"wp:attachment":[{"href":"https:\/\/de.facts2reason.com\/index.php\/wp-json\/wp\/v2\/media?parent=158"}],"curies":[{"name":"wp","href":"https:\/\/api.w.org\/{rel}","templated":true}]}}